{"id":1830,"date":"2020-10-13T14:42:34","date_gmt":"2020-10-13T12:42:34","guid":{"rendered":"https:\/\/wik-pol.pl\/?post_type=product&#038;p=1830"},"modified":"2024-01-02T17:57:09","modified_gmt":"2024-01-02T16:57:09","slug":"buty-trzewiki-zimowe-btpuocb-s3","status":"publish","type":"product","link":"https:\/\/wik-pol.pl\/?product=buty-trzewiki-zimowe-btpuocb-s3","title":{"rendered":"Buty trzewiki zimowe BTPuOCB S3"},"content":{"rendered":"<p style=\"text-align: center;\"><strong>BUTY ZIMOWE BTPUOCB S3<\/strong><\/p>\n<ul>\n<li>trzewik ochronny ocieplany,<\/li>\n<li>ze stalowym podnoskiem i ze stalow\u0105 wk\u0142adk\u0105 w podeszwie chroni\u0105c\u0105 stop\u0119 przed przebiciem.<\/li>\n<\/ul>\n<p>CHOLEWKA:<\/p>\n<ul>\n<li>wysoka wykonana ze sk\u00f3r bydl\u0119cych t\u0142oczonych,<\/li>\n<li>przepuszczalno\u015b\u0107 wody i absorpcja wody (przepuszczalno\u015b\u0107 wody podczas badania po 60 min jest nie wi\u0119ksza ni\u017c 0,2 g i ca\u0142kowita absorpcja nie jest wi\u0119ksza ni\u017c 30 %),<\/li>\n<li>Stalowy podnosek<strong>\u00a0<\/strong>zapewnia ochron\u0119 przed uderzeniem z energi\u0105 r\u00f3wn\u0105 200 +\/-4 J i przed \u015bciskaniem pod obci\u0105\u017ceniem \u015bciskaj\u0105cym r\u00f3wnym 15+\/-0,1 kN.<\/li>\n<\/ul>\n<p>W\u0141A\u015aCIWO\u015aCI PODESZWY:<\/p>\n<ul>\n<li>podeszwa z poliuretanu (PU) w kolorze czarnym,<\/li>\n<li>wykonana metod\u0105 wtrysku bezpo\u015bredniego,<\/li>\n<li>odporna na olej, benzyn\u0119\u00a0i inne rozpuszczalniki organiczne,<\/li>\n<li>urze\u017abiona,<\/li>\n<li>antypo\u015blizgowa (SRC),<\/li>\n<li>wyposa\u017cona w stalow\u0105 wk\u0142adk\u0119 chroni\u0105ca stop\u0119 przed przebiciem z si\u0142\u0105 do 1100 N,<\/li>\n<li>wewn\u0105trz buty ocieplone wysokiej jako\u015bci futerkiem w kolorze czarnym,<\/li>\n<li>wk\u0142adka wymienna, ocieplona futerkiem,<\/li>\n<li>mi\u0119kki ko\u0142nierz podwy\u017cszaj\u0105cy komfort u\u017cytkowania,<\/li>\n<li>absorbcja energii w cz\u0119\u015bci pi\u0119towej,<\/li>\n<li>obuwie antyelektrostatyczne.<\/li>\n<\/ul>\n<p>&nbsp;<\/p>\n<p>Kategoria ochrony: S3 SRC<\/p>\n<p>Certyfikat CE Kat. II\u00a0EN ISO 20345 :2011<\/p>\n","protected":false},"excerpt":{"rendered":"<p>BUTY ZIMOWE BTPUOCB S3 trzewik ochronny ocieplany, ze stalowym podnoskiem i ze stalow\u0105 wk\u0142adk\u0105 w podeszwie chroni\u0105c\u0105 stop\u0119 przed przebiciem. CHOLEWKA: wysoka wykonana ze sk\u00f3r bydl\u0119cych t\u0142oczonych, przepuszczalno\u015b\u0107 wody i &#8230;<\/p>\n","protected":false},"featured_media":1843,"comment_status":"open","ping_status":"closed","template":"","meta":[],"product_brand":[],"product_cat":[134,19],"product_tag":[],"class_list":{"0":"post-1830","1":"product","2":"type-product","3":"status-publish","4":"has-post-thumbnail","6":"product_cat-promocje-2024","7":"product_cat-odziez-robocza","9":"first","10":"instock","11":"sale","12":"taxable","13":"shipping-taxable","14":"purchasable","15":"product-type-variable"},"jetpack_sharing_enabled":true,"_links":{"self":[{"href":"https:\/\/wik-pol.pl\/index.php?rest_route=\/wp\/v2\/product\/1830","targetHints":{"allow":["GET"]}}],"collection":[{"href":"https:\/\/wik-pol.pl\/index.php?rest_route=\/wp\/v2\/product"}],"about":[{"href":"https:\/\/wik-pol.pl\/index.php?rest_route=\/wp\/v2\/types\/product"}],"replies":[{"embeddable":true,"href":"https:\/\/wik-pol.pl\/index.php?rest_route=%2Fwp%2Fv2%2Fcomments&post=1830"}],"wp:featuredmedia":[{"embeddable":true,"href":"https:\/\/wik-pol.pl\/index.php?rest_route=\/wp\/v2\/media\/1843"}],"wp:attachment":[{"href":"https:\/\/wik-pol.pl\/index.php?rest_route=%2Fwp%2Fv2%2Fmedia&parent=1830"}],"wp:term":[{"taxonomy":"product_brand","embeddable":true,"href":"https:\/\/wik-pol.pl\/index.php?rest_route=%2Fwp%2Fv2%2Fproduct_brand&post=1830"},{"taxonomy":"product_cat","embeddable":true,"href":"https:\/\/wik-pol.pl\/index.php?rest_route=%2Fwp%2Fv2%2Fproduct_cat&post=1830"},{"taxonomy":"product_tag","embeddable":true,"href":"https:\/\/wik-pol.pl\/index.php?rest_route=%2Fwp%2Fv2%2Fproduct_tag&post=1830"}],"curies":[{"name":"wp","href":"https:\/\/api.w.org\/{rel}","templated":true}]}}