{"id":1568,"date":"2020-08-22T00:11:04","date_gmt":"2020-08-21T22:11:04","guid":{"rendered":"https:\/\/wik-pol.pl\/?post_type=product&#038;p=1568"},"modified":"2024-01-02T17:30:02","modified_gmt":"2024-01-02T16:30:02","slug":"rekawice-ochronne-r-eco","status":"publish","type":"product","link":"https:\/\/wik-pol.pl\/?product=rekawice-ochronne-r-eco","title":{"rendered":"R\u0119kawice ochronne R.ECO"},"content":{"rendered":"<p style=\"text-align: center;\"><strong>R\u0118KAWICE OCHRONNE WYKONANE Z G\u0118STEJ DZIANINY BAWE\u0141NIANEJ<\/strong><\/p>\n<ul>\n<li>wykonane z bardzo wytrzyma\u0142ej i g\u0119stej dzianiny bawe\u0142nianej w kolorze szarym,<\/li>\n<li>powlekane lateksem w kolorze czarnym.<\/li>\n<li>pow\u0142oka g\u0142adka,<\/li>\n<li>zako\u0144czone \u015bci\u0105gaczem,<\/li>\n<li>bezszwowe<\/li>\n<li>wytrzyma\u0142e,<\/li>\n<li>elastyczne,<\/li>\n<li>odporne na \u015bcieranie i rozerwanie,<\/li>\n<li>dobrze dopasowuj\u0105 si\u0119 do d\u0142oni.<\/li>\n<\/ul>\n","protected":false},"excerpt":{"rendered":"<p>R\u0118KAWICE OCHRONNE WYKONANE Z G\u0118STEJ DZIANINY BAWE\u0141NIANEJ wykonane z bardzo wytrzyma\u0142ej i g\u0119stej dzianiny bawe\u0142nianej w kolorze szarym, powlekane lateksem w kolorze czarnym. pow\u0142oka g\u0142adka, zako\u0144czone \u015bci\u0105gaczem, bezszwowe wytrzyma\u0142e, elastyczne, &#8230;<\/p>\n","protected":false},"featured_media":1283,"comment_status":"open","ping_status":"closed","template":"","meta":[],"product_brand":[],"product_cat":[81],"product_tag":[],"class_list":{"0":"post-1568","1":"product","2":"type-product","3":"status-publish","4":"has-post-thumbnail","6":"product_cat-rekawice-robocze","8":"first","9":"instock","10":"taxable","11":"shipping-taxable","12":"purchasable","13":"product-type-variable"},"jetpack_sharing_enabled":true,"_links":{"self":[{"href":"https:\/\/wik-pol.pl\/index.php?rest_route=\/wp\/v2\/product\/1568","targetHints":{"allow":["GET"]}}],"collection":[{"href":"https:\/\/wik-pol.pl\/index.php?rest_route=\/wp\/v2\/product"}],"about":[{"href":"https:\/\/wik-pol.pl\/index.php?rest_route=\/wp\/v2\/types\/product"}],"replies":[{"embeddable":true,"href":"https:\/\/wik-pol.pl\/index.php?rest_route=%2Fwp%2Fv2%2Fcomments&post=1568"}],"wp:featuredmedia":[{"embeddable":true,"href":"https:\/\/wik-pol.pl\/index.php?rest_route=\/wp\/v2\/media\/1283"}],"wp:attachment":[{"href":"https:\/\/wik-pol.pl\/index.php?rest_route=%2Fwp%2Fv2%2Fmedia&parent=1568"}],"wp:term":[{"taxonomy":"product_brand","embeddable":true,"href":"https:\/\/wik-pol.pl\/index.php?rest_route=%2Fwp%2Fv2%2Fproduct_brand&post=1568"},{"taxonomy":"product_cat","embeddable":true,"href":"https:\/\/wik-pol.pl\/index.php?rest_route=%2Fwp%2Fv2%2Fproduct_cat&post=1568"},{"taxonomy":"product_tag","embeddable":true,"href":"https:\/\/wik-pol.pl\/index.php?rest_route=%2Fwp%2Fv2%2Fproduct_tag&post=1568"}],"curies":[{"name":"wp","href":"https:\/\/api.w.org\/{rel}","templated":true}]}}