{"id":1342,"date":"2020-07-13T23:49:39","date_gmt":"2020-07-13T21:49:39","guid":{"rendered":"https:\/\/wik-pol.pl\/?post_type=product&#038;p=1342"},"modified":"2024-01-02T17:57:09","modified_gmt":"2024-01-02T16:57:09","slug":"kurtka-professional-ref-szara","status":"publish","type":"product","link":"https:\/\/wik-pol.pl\/?product=kurtka-professional-ref-szara","title":{"rendered":"Kurtka Professional-Ref szara"},"content":{"rendered":"<p style=\"text-align: center;\"><strong>KURTKA PROFESSIONAL-REF SZARA<\/strong><\/p>\n<ul>\n<li>wyj\u0105tkowo atrakcyjnym wzornictwie i doskona\u0142ej funkcjonalno\u015bci,<\/li>\n<li>wykonana z bardzo wytrzyma\u0142ej tkaniny typu CANVAS o sk\u0142adzie 65% poliestru i 35% bawe\u0142ny,<\/li>\n<li>o gramaturze 270 g\/m2 (+\/- 10g\/m2) oraz mocnym, zwartym splocie,<\/li>\n<li>profesjonalne szycie i estetyka wykonania,<\/li>\n<li>podw\u00f3jne i potr\u00f3jne szwy oraz liczne solidne rygl\u00f3wki wzmacniaj\u0105ce miejsca szczeg\u00f3lnie nara\u017cone na rozerwanie,<\/li>\n<li>wyko\u0144czona pod szyj\u0105 ko\u0142nierzem,<\/li>\n<li>5 funkcjonalnych kieszeni &#8211; 3 zapinane na rzep na wysoko\u015bci klatki piersiowej oraz 2 dwie boczne.<\/li>\n<li>odblaskowe elementy z przodu, ty\u0142u oraz na r\u0119kawach kurtki, ta\u015bmy odblaskowe spe\u0142niaj\u0105 wymagania normy EN ISO 20471:2013 &#8221; Odzie\u017c o intensywnej widzialno\u015bci &#8221; punkt 6.1, 6.2,<\/li>\n<li>kurtka zapinana na suwak, kryty klap\u0105 z rzepami,<\/li>\n<li>r\u0119kawy zapinane na rzep,<\/li>\n<li>d\u00f3\u0142 kurtki regulowany za pomoc\u0105 rzep\u00f3w,<\/li>\n<li>bardzo niska kurczliwo\u015b\u0107, nawet po wielokrotnym praniu,<\/li>\n<li>stabilno\u015b\u0107 koloru,<\/li>\n<li>dost\u0119pne rozmiary: 44 &#8211; 64,<\/li>\n<li>CE KAT.1 EN ISO 13688:2013.<\/li>\n<\/ul>\n","protected":false},"excerpt":{"rendered":"<p>KURTKA PROFESSIONAL-REF SZARA wyj\u0105tkowo atrakcyjnym wzornictwie i doskona\u0142ej funkcjonalno\u015bci, wykonana z bardzo wytrzyma\u0142ej tkaniny typu CANVAS o sk\u0142adzie 65% poliestru i 35% bawe\u0142ny, o gramaturze 270 g\/m2 (+\/- 10g\/m2) oraz &#8230;<\/p>\n","protected":false},"featured_media":1317,"comment_status":"open","ping_status":"closed","template":"","meta":[],"product_brand":[],"product_cat":[134,19],"product_tag":[],"class_list":{"0":"post-1342","1":"product","2":"type-product","3":"status-publish","4":"has-post-thumbnail","6":"product_cat-promocje-2024","7":"product_cat-odziez-robocza","9":"first","10":"instock","11":"sale","12":"taxable","13":"shipping-taxable","14":"purchasable","15":"product-type-variable"},"jetpack_sharing_enabled":true,"_links":{"self":[{"href":"https:\/\/wik-pol.pl\/index.php?rest_route=\/wp\/v2\/product\/1342","targetHints":{"allow":["GET"]}}],"collection":[{"href":"https:\/\/wik-pol.pl\/index.php?rest_route=\/wp\/v2\/product"}],"about":[{"href":"https:\/\/wik-pol.pl\/index.php?rest_route=\/wp\/v2\/types\/product"}],"replies":[{"embeddable":true,"href":"https:\/\/wik-pol.pl\/index.php?rest_route=%2Fwp%2Fv2%2Fcomments&post=1342"}],"wp:featuredmedia":[{"embeddable":true,"href":"https:\/\/wik-pol.pl\/index.php?rest_route=\/wp\/v2\/media\/1317"}],"wp:attachment":[{"href":"https:\/\/wik-pol.pl\/index.php?rest_route=%2Fwp%2Fv2%2Fmedia&parent=1342"}],"wp:term":[{"taxonomy":"product_brand","embeddable":true,"href":"https:\/\/wik-pol.pl\/index.php?rest_route=%2Fwp%2Fv2%2Fproduct_brand&post=1342"},{"taxonomy":"product_cat","embeddable":true,"href":"https:\/\/wik-pol.pl\/index.php?rest_route=%2Fwp%2Fv2%2Fproduct_cat&post=1342"},{"taxonomy":"product_tag","embeddable":true,"href":"https:\/\/wik-pol.pl\/index.php?rest_route=%2Fwp%2Fv2%2Fproduct_tag&post=1342"}],"curies":[{"name":"wp","href":"https:\/\/api.w.org\/{rel}","templated":true}]}}